is the thousands digit of n?
6
Suppose 4*w - 4 = 4*d, 0 = -4*w + 4 + 16. Suppose 2*h = 5*o - 5572, 0*h = -3*o - d*h + 3364. What is the hundreds digit of o?
1
Suppose 69*g - 57*g - 3396 = 0. Suppose 97 + g = 5*i. What is the tens digit of i?
7
Let r(n) = -3*n + 2. Let f be r(6). Let h(k) = k**3 + 15*k**2 - 35*k - 28. What is the units digit of h(f)?
6
Let x(d) = -9*d + 5. Let u be x(0). Suppose u*l = -2*b + 2597, 0 = b + 3*l - 1302 + 3. What is the units digit of b?
6
Let c = 108 + -110. Let z(t) = t**3 - t**2 + 4. Let x be z(c). What is the tens digit of 4 + (-621)/(-12) - 2/x?
5
Suppose -21*u + 3312 = 3*u. What is the tens digit of (-1 - u/4)*-8?
8
Let s be (-204)/17*(-2)/3. Let f be (1 - 0)/(4/s). Suppose 3*a = 2*o + 19, 0 = -5*a + 4*a - f*o + 17. What is the units digit of a?
9
Suppose -175*o + 438*o = 16618444. What is the hundreds digit of o?
1
Let q be 2/6 - (-3572)/228. What is the tens digit of (-654)/(-3*q/72)?
8
Let a(x) = x**2 - 5*x + 27. Let v be a(11). Let f = 353 + v. What is the hundreds digit of f?
4
Suppose w = -2*w - 5*k + 8, 3*w + 24 = 3*k. What is the hundreds digit of ((4578/(-8))/(-7))/((-1)/w)?
3
Let z(l) = 1177*l + 402. What is the tens digit of z(3)?
3
Let a(o) = 26 - 3 - 1495*o + 1314*o. Let x be a(-4). What is the units digit of (-5 - -3)/(1/(x/(-6)))?
9
Let a(h) be the first derivative of 81*h**2/2 + 120*h + 8. What is the tens digit of a(6)?
0
Let p(b) = 1597*b - 10. Let k be p(-1). Let y = -919 - k. What is the tens digit of y?
8
Suppose 51*u + 63*u = 104*u + 498240. What is the hundreds digit of u?
8
Let j(v) = v**2 + 5*v - 9. Let x(t) = -2*t + 25. Let i be x(16). Let k be j(i). Suppose 2*h + k*l = 23 + 2, 5*h + 5*l = 100. What is the tens digit of h?
2
Let p(q) = -4*q - 46. Let c be p(-8). Let x = c - -14. Suppose -5*w - 595 + 1890 = x. What is the tens digit of w?
5
Let d(m) = 14*m**3 + 31*m**2 - 168*m - 94. What is the hundreds digit of d(12)?
5
Suppose 3*m = s + 240239, 4*m = -934*s + 933*s + 320314. What is the tens digit of m?
7
Let o be (-18)/12*(0 - 4/3). Suppose o*z - 6*z = -3276. Suppose 72 + z = 9*q. What is the units digit of q?
9
Suppose -2*m - 3*v = -2436, -24*m - 2*v - 3654 = -27*m. What is the hundreds digit of m?
2
Suppose 105*w - 99*w = 3534. Suppose 5*h - 36 = w. What is the tens digit of h?
2
Let j(a) = -a**3 + 58*a**2 + 80*a - 1706. What is the tens digit of j(53)?
7
Let j(o) = -2*o**2 - 237*o - 101. What is the thousands digit of j(-42)?
6
Let p = -398 - -433. Suppose -774 = -37*c + p*c. What is the tens digit of c?
8
Let x(c) = 3321*c + 12. Let g be x(-3). Let r be g/(-45) - 12/90. Let f = r - 125. What is the units digit of f?
6
Suppose -11 = w + 4. Let c(j) = j**3 + 16*j**2 + 17*j + 35. Let x be c(w). Suppose -7*g - x*g = -1068. What is the units digit of g?
9
Let x(l) be the first derivative of l**3/3 - 4*l**2 - 24*l + 31. What is the hundreds digit of x(-17)?
4
What is the units digit of 15 - (-10 + 16 - 7649)?
8
Let o = -8329 + 15063. What is the units digit of o?
4
Let t(n) = n**3 + 18*n**2 - 54*n - 28. What is the hundreds digit of t(13)?
5
Let g be (-16)/(-7) - 26/91. Let s(w) = -w**2 - 14*w - 9. Let r(h) = -4*h**2 - 41*h - 27. Let b(f) = g*r(f) - 7*s(f). What is the tens digit of b(8)?
7
Let w be (-1 + (-21)/(-15))/((-9)/90). What is the tens digit of (-3*2/8)/(w/336)?
6
Let m = 130 - 57. Suppose -4*o - 45 = -m. Suppose -991 + 123 = -o*x. What is the units digit of x?
4
Suppose 3*d = -4*n + 16283, 51*d - 48*d - 3*n - 16269 = 0. What is the thousands digit of d?
5
Suppose 273925 = 37*q - 43498. What is the tens digit of q?
7
Suppose -4*f + 13604 = -0*w + 5*w, 4*w - 3*f = 10908. Suppose 10*g - w - 296 = 0. Let q = -159 + g. What is the units digit of q?
3
Suppose 0 = p - b - 1365, 959*p - 6809 = 954*p + b. What is the hundreds digit of p?
3
Let u(a) = 6*a + 9 + a - 266*a**2 + 273*a**2 + a**3. Let g be u(-6). Let x(h) = 7*h**2 - 4*h + 2. What is the tens digit of x(g)?
5
Let y(w) = -1306*w - 147. What is the thousands digit of y(-2)?
2
What is the units digit of ((-141024)/(-72))/((6/8)/((-108)/(-96)))?
8
Let n(w) = 56*w**2 - 1 - 23*w**2 + 5*w - w**3 - 29*w**2. Let k be n(5). What is the tens digit of 134/(-4)*k/((-2)/(-4))?
6
Let w be (0 + -6)/(3 + -2 - 2). Suppose -2*h - a + 964 = 0, -8*h + 964 = -w*h + 4*a. What is the tens digit of h?
8
Suppose 250*p = 20*p + 1247290. What is the units digit of p?
3
Let l = 177 + -173. Suppose -7*v + 2871 = l*v. What is the units digit of v?
1
Let b(d) = 137*d + 2. Let v be b(2). Let p be ((24885/6)/35)/((-6)/(-8)). Let h = v - p. What is the tens digit of h?
1
What is the hundreds digit of (-9 + (-52 - -12))*4488/(-14) - 5?
7
What is the thousands digit of (2 - 2/2)*(10248 + 25)?
0
Suppose -3*r = j + 303, 4*r = 2*j - 648 + 234. Let f = 102 + r. Suppose -8*s + 825 + 39 = f. What is the units digit of s?
8
Let w = -33274 + 59419. What is the tens digit of w?
4
Let o(y) = -3*y - 21. Let m(p) = 7*p + 43. Let c(r) = -2*m(r) - 5*o(r). Let z(t) = 37*t - 555. Let w be z(15). What is the units digit of c(w)?
9
Suppose 0 = -5*r + 5, f - 2*r = 2*r + 6869. What is the tens digit of f?
7
Suppose -3*n + 1905 = 2*r, 3*r - 2859 = -5*n + n. Let q = r + -507. What is the tens digit of q?
5
Let x(h) = -2*h + 24. Let w be x(12). Let t be 1*(w + 2/(6/(-3))). Let n = 48 + t. What is the tens digit of n?
4
Suppose -15464*l + 15505*l = 2491160. What is the ten thousands digit of l?
6
Let i(q) = -785*q - 184. Let x be i(-16). Suppose -17*t = -24*t + x. What is the units digit of t?
8
Let r(x) = x**3 + 6*x**2 - 17*x + 42. Let l be r(-8). Suppose 6720 = -45*f + l*f. What is the tens digit of f?
4
Let x(a) = 2*a - 15. Let u be x(9). Suppose -3*o - 13 = u*f - 82, -4*o = -f - 2. What is the tens digit of 4/f + 2720/72?
3
Let g(f) = -47 - 43 + 169 - 49 - 26*f. What is the units digit of g(-25)?
0
Let k = 561 + -556. Suppose 650 = 5*g - k*n, 5*g = 2*g - 3*n + 366. What is the units digit of g?
6
Suppose -2*a = 5*g + 2, 4 - 5 = -4*g + a. Suppose g = -y - 149 + 796. What is the units digit of y?
7
Suppose -45 = -4*m + 31. Suppose 6 = 5*b - m. Suppose 3*o - b*o = -148. What is the units digit of o?
4
Let b = 83 + -74. Suppose -2*q + 235 = b. What is the units digit of q?
3
Let s be (-1906 + 3 + -3)*3/(-6). Suppose -207 = -5*h + s. What is the hundreds digit of h?
2
Let y(l) = -7*l + 38 - 93*l**3 + 94*l**3 - 11*l + 18*l**2. Let j be y(-19). Suppose 0 = 2*s - 53 - j. What is the tens digit of s?
3
Let o be ((-270)/14 - -5) + 6/21. What is the tens digit of (21/o)/((-1)/402)?
0
Let r(t) = 16*t**2 + 366*t + 161. What is the hundreds digit of r(-45)?
0
Suppose 63*c + 24*c - 23*c = 2831424. What is the tens digit of c?
4
Let u(m) = -188*m - 105. Suppose 0 = 3*s + 12 + 6. What is the units digit of u(s)?
3
Suppose 27*k + 15*k - 358584 = 205770. What is the ten thousands digit of k?
1
Suppose 0 = 16*z - 203 + 11. Let r(s) = 14*s**2 - 17*s + 28. What is the hundreds digit of r(z)?
8
Let v = 5043 - 1538. What is the tens digit of v?
0
Let h(s) = 1776*s + 62. What is the thousands digit of h(4)?
7
Let p(b) = 75*b - 1547. What is the hundreds digit of p(23)?
1
Let c be (-10460)/(-55) + (-4)/22. Let t = c - 125. Let r = t + -12. What is the units digit of r?
3
Let r = 2266 - -8255. What is the hundreds digit of r?
5
Suppose 2 = -2*p, -4*h + 5*p = -11 - 6. Suppose h*m = m + 2420. What is the units digit of m?
0
Let i(w) = w**2 + 32*w + 84. Let k be i(-29). What is the units digit of (-4 + k + 6)*-1*600?
0
Let a be 4/48*4*3. Let u(p) = -2*p - 1 + 49*p + a. What is the units digit of u(1)?
7
Let p(l) = -31*l + 1. Let z be p(-3). Suppose -2*x + 4 = z. Let q = x + 77. What is the tens digit of q?
3
Let b = -27 - -29. Let r be 1*(b - 6 - -3). Let w = 3 + r. What is the units digit of w?
2
What is the thousands digit of (-1*212/6)/(30/(-44505))?
2
Let t be (2 - (-12)/(-8))/((-1)/6). What is the units digit of -2 - (-2 + (2 + t - 369))?
0
Let l = -18 + 9. Let p(s) = -246*s - 4 + 0 - 256*s + 492*s. What is the tens digit of p(l)?
8
Let x = -1968 - -8678. What is the tens digit of x?
1
Let c(k) = -k**2 - 21*k - 10. Let h be c(-20). Suppose -3*s - 4 = -h. Suppose 0 = -5*b - s*b + 833. What is the tens digit of b?
1
Let l(g) = g - 9. Let n be l(-7). Let d(h) = -88*h - 15*h**2 - h**3 - 12 + 100*h - 6